3
Let j(i) = 190*i**2 - 5*i + 17. Let z(y) = 381*y**2 - 11*y + 31. Let s(x) = -7*j(x) + 4*z(x). List the prime factors of s(-3).
2, 7, 127
Let k be (-52)/(-39)*(-9)/2. What are the prime factors of -8 - (-1 - 212 - k)?
199
List the prime factors of 10578/(-172)*807*4/(-9).
2, 41, 269
Suppose 3*s + 138 = -2*k + 881, 0 = -4*k - 20. Let h = s + 344. List the prime factors of h.
5, 7, 17
Let u = -154 - -142. List the prime factors of 3190/18 - u/(-54).
3, 59
Suppose -26 = -2*r - 0*r + 5*a, a = -2. Suppose 4*v - r = 2*v. List the prime factors of -6*6*v/(-4).
2, 3
Suppose 44676 = 4*x + 3*v + v, 44670 = 4*x + 2*v. List the prime factors of x.
2, 3, 1861
What are the prime factors of (2/8)/((-6)/(-8653440)*20)?
2, 4507
Suppose 1322322 = 275*y - 202*y. List the prime factors of y.
2, 3, 3019
Let z = 111 - 144. Let a = -37 - z. List the prime factors of 5*(-4)/a - -121.
2, 3, 7
Let s(f) = 9*f - 1. Suppose -q + 5*d + 1 + 15 = 0, 26 = 5*q + 2*d. Let o(b) = -5*b + 32. Let m be o(q). List the prime factors of s(m).
17
Let y be (-15 + 0)*(84/(-18) + 5). Let v(m) = 3*m**2 + 4*m - 17. Let p be v(y). Let l = 42 + p. List the prime factors of l.
2, 5
Let q be ((-66)/9 + 7)/(2/(-38742)). Suppose -9*r + q = 2*r. What are the prime factors of r?
587
List the prime factors of (-2 - (2 - 8)) + 12046/(-4)*-10.
30119
Let b = -1619 + 356. Let q = b - -1885. List the prime factors of q.
2, 311
What are the prime factors of ((-27)/9)/(1/(-270) - 0)?
2, 3, 5
Let p(r) = -r**2 - r - 9. Suppose 4*i + 23 = 23. Let k be p(i). What are the prime factors of 5 + 141/(-27) + (-1613)/k?
179
Let l(t) = 55*t**2 - 54*t - 11. What are the prime factors of l(6)?
5, 7, 47
Suppose 68 = 5*g - 3*d, g - 3*g + 25 = d. Suppose -q = 5*h - 950, 0 = -4*h - g*q + 8*q + 760. What are the prime factors of h?
2, 5, 19
List the prime factors of 6 - 330320/(-20) - 7.
3, 5, 367
Suppose 5*y + 679 = -361. Let n = -22 - y. Let f = -111 + n. List the prime factors of f.
3, 5
Suppose -2*x = 4*o - 14132, 3*o - 7*x - 9199 = 1451. List the prime factors of o.
2, 13, 17
Let a be ((-30)/(-20))/((-2)/(-8)). Suppose 84 = -5*y + 4*j, a*j = -4*y + 7*j - 76. What are the prime factors of (2 + y/12)*24?
2
Let x be 4*((-45)/(-6) + -6). What are the prime factors of (1 - (-117)/(-6))/((-3)/x)?
37
Let p(a) be the first derivative of a**5/60 + 13*a**4/24 - 10*a**3/3 - 1. Let h(b) be the third derivative of p(b). List the prime factors of h(21).
5, 11
Let f(y) be the first derivative of 90*y**2 + 9*y + 8. Let v be f(4). Suppose 8*q + 17 = v. List the prime factors of q.
89
List the prime factors of 2297 + (2 + 10)/2.
7, 47
Suppose 3*n - 12 = -3*s, -3*n - 3*s + 2*s = -12. Let y be (0 + n + -3)*1. What are the prime factors of y + 0 + 44 - -1?
2, 23
Let o be ((-337)/3)/(4/12). Let g = o - -637. List the prime factors of g.
2, 3, 5
Let z be 10/4*(-96)/(-15). Suppose -g - 3*j = -3 - 13, j = g - z. Let q = g - 6. List the prime factors of q.
2, 5
Suppose -4*t + 12896 = -4*x, 3*x + 14310 = 5*t - 1816. List the prime factors of t.
7, 461
Let b(n) = -n**2 + 10*n - 20. Let g be b(4). Suppose -g*h - 1436 = 2*v - 6*v, 0 = -2*v - 3*h + 693. What are the prime factors of v?
2, 3, 59
Let u be (-6)/4*84/9. Let g(m) = 3*m**3 - 19*m**2 + 56*m - 1. Let v(w) = 2*w**3 - 9*w**2 + 27*w. Let z(b) = -3*g(b) + 5*v(b). List the prime factors of z(u).
73
Suppose 295 = 5*d + 3*j, 2*d + j + j - 114 = 0. Suppose d*w = 63*w - 305. List the prime factors of w.
5, 61
Let w = 11 + -5. Let v = w - 1. Suppose 75 = v*b - 0*b. List the prime factors of b.
3, 5
Suppose -12*m + 7 = 103. What are the prime factors of 320 + 6 + m - 4?
2, 157
Suppose 6*c = -6*c + 10*c + 21278. What are the prime factors of c?
10639
Let s(o) = 2*o**3 + 31*o**2 + 17*o + 30. Let k be s(-15). Let g(x) = -x - 4. Let i be g(-8). Suppose i*b = -k*b + 332. List the prime factors of b.
83
Suppose d - 27 = -2*d. Suppose 14*a - 9410 = d*a. Suppose 218 = -8*x + a. List the prime factors of x.
2, 13
Let h = 66 - 63. Let k(c) = 7*c**3 - 3*c**2 + 2*c - 13. List the prime factors of k(h).
5, 31
Let x be 60/75 + (-11)/(-5). Suppose -x*k - 223 = 3*f - 1330, 4*f - 3*k = 1511. List the prime factors of f.
2, 11, 17
Let l(k) = -41*k**3 - 2*k + 1. Let t be l(1). Let r = t - -133. Let o = 290 - r. What are the prime factors of o?
199
Let v = 142 + -79. Suppose -h = 8*h - v. Let o = h - -100. List the prime factors of o.
107
Suppose -d + 21 = 5*h, 3*h = 15 - 6. Suppose 2*z - 280 = 2*f, 2*z + 566 = d*z + 2*f. List the prime factors of z.
3, 47
Let j(c) = -c**2 - 7*c + 5. Let k be j(-7). Suppose -4*m = 5*x - 2*m - 1193, -5*x - k*m + 1190 = 0. What are the prime factors of x?
239
Let j be (3/(-9))/((-3)/(-36)). Let v be (j/(-6))/(8/(-60)). List the prime factors of 25/(v/(-20) + 0).
2, 5
Let i(m) = -m**2 - 26*m - 126. Let j be i(-8). Let l = -151 + 237. Let p = l + j. List the prime factors of p.
2, 13
Let y = 13 - 11. Let b(z) = -7 + 0 - y + 7*z. What are the prime factors of b(8)?
47
Let r be 6/(-4)*(1 - 3). Let c be ((-251)/2)/(r*4/(-120)). Suppose -8*v + 13*v = c. List the prime factors of v.
251
What are the prime factors of ((-30)/(-36) + 4/(-12))/(4/112040)?
5, 2801
Let w(o) = 37*o**2 - 5*o. Let g(t) = t**3 - 8*t**2 - 9*t + 7. Let q be g(9). Let y(n) = 2*n - 16. Let j be y(q). List the prime factors of w(j).
2, 79
Let k be (18/9)/((-2)/6*-1). Let d(j) = j**2 - 6*j + 9. Let r be d(k). Suppose 0 = -4*v + s + 315, -s + 4*s = -r. What are the prime factors of v?
2, 3, 13
Let c(r) = -5 - 5*r**2 + 335*r**3 + 22*r - 8 - 334*r**3. List the prime factors of c(9).
509
Suppose 7*v + 230460 = 67*v. What are the prime factors of v?
23, 167
Let c = 979 - 1640. Let q = -391 - c. List the prime factors of q.
2, 3, 5
Let j be 544 + 2 + (-1)/(-4 - -3). Let v = j - 344. Let h = v - 127. What are the prime factors of h?
2, 19
Let s = -85 - -246. Suppose 2*f = -2*g + 650, -s - 167 = -g + 2*f. List the prime factors of g.
2, 163
Suppose 4*m - 2 = 2*m. Let f(g) = 16*g**2 + 161*g + 13. Let q be f(-10). Suppose -q*l + 91 = -a, -6*a + 7*a = -m. List the prime factors of l.
2, 3, 5
Suppose -9*y - 5*z = -6*y + 16, 0 = -4*y + 2*z + 22. Suppose 0 = y*h, 4*h + 3604 = 4*l - h. What are the prime factors of l?
17, 53
Let u = -62 + 31. Let q = u - -141. Suppose 2*l = 7*l - q. List the prime factors of l.
2, 11
Let i(t) = 120*t + 191. Let k(g) = 61*g + 95. Let a(m) = -2*i(m) + 5*k(m). List the prime factors of a(5).
2, 11, 19
Let r be 6/15*5 - -838. Let v = 2168 - r. What are the prime factors of v?
2, 83
Suppose 23664 = 12*v - 94128. List the prime factors of v.
2, 3, 409
Let j(m) = 2*m**3 + 14*m**2 - 6*m - 183. What are the prime factors of j(20)?
3, 31, 229
Let b(w) = -w**3 - 17*w**2 - 695*w - 96. What are the prime factors of b(-28)?
2, 6997
Suppose 4*h + 74 - 254 = 0. Suppose -h + 7 = -v. List the prime factors of v*(3 + (-4 - -2)).
2, 19
Let w = 5574 + 80170. List the prime factors of w.
2, 23, 233
Let u(j) be the second derivative of 43*j**3/6 + j**2 + 27*j. Let d be u(2). Let f = 165 - d. What are the prime factors of f?
7, 11
Suppose 7127 = 26*v - 2545. Let u(h) = 27*h**2 + 7*h + 6. Let l be u(-5). Suppose 3*r - v = -3*t, 5*t + 2*r - l = -11. What are the prime factors of t?
3, 43
Let d(p) = -p**3 + 98*p**2 - 302*p + 397. What are the prime factors of d(94)?
3, 19, 43
Suppose 0 = -3*q - 164 + 3746. Suppose q = 3*f - f. List the prime factors of (-1)/(-2) - (-4 + f/(-6)).
2, 13
What are the prime factors of (2 - 2*-3) + 1332826/94?
3, 4729
Suppose -6*c + 3*c + 3868 = 5*i, 0 = 2*c - 2. Suppose -i = -5*d + 1582. What are the prime factors of d?
3, 157
Let j = -25470 - -40235. List the prime factors of j.
5, 2953
Let u be (6 - (4 - -2)) + (-143 - 2). Let a = -1 - u. Suppose 30*v - a = 26*v. List the prime factors of v.
2, 3
Let s = -432 + 437. Suppose s*h + 1516 = r + 6296, -h + 3*r = -956. What are the prime factors of h?
2, 239
Let c(j) = -41*j - 231. Let m be c(-6). What are the prime factors of 16311/m - 4/10?
1087
Suppose 31 = 4*u + 19. List the prime factors of (-1352)/(-4) + (-8)/(-12)*u.
2, 5, 17
Let g be 5/(-2)*(-16)/(-10) + 2. What are the prime factors of (-1 - g)/(1/35)?
5, 7
Suppose 0 = 7*r - 10*r - 4*v + 35164, -5*v - 40 = 0. List the prime factors of r.
2, 7, 419
Suppose -7*h + 160588 = -15189. What are the prim